{"id":102,"date":"2018-05-29T23:11:49","date_gmt":"2018-05-29T20:11:49","guid":{"rendered":"https:\/\/metsastys.salo-aitsaari.fi\/?page_id=102"},"modified":"2025-02-23T20:30:51","modified_gmt":"2025-02-23T18:30:51","slug":"kiintiot","status":"publish","type":"page","link":"https:\/\/metsastys.salo-aitsaari.fi\/?page_id=102","title":{"rendered":"Kiinti\u00f6t"},"content":{"rendered":"<p>Mets\u00e4stysseuran kes\u00e4kokouksessa p\u00e4\u00e4tt\u00e4m\u00e4t mets\u00e4styskiinti\u00f6t kaudelle 2024-2025 ovat:<\/p>\n<ul>\n<li>j\u00e4nis ei kiinti\u00f6t\u00e4<\/li>\n<li>rusakko ei kiinti\u00f6t\u00e4<\/li>\n<li>uros\u00a0metso 1<\/li>\n<li>uros teeri 1<\/li>\n<li>koppelo ja naaras teeri rauhoitettu<\/li>\n<\/ul>\n","protected":false},"excerpt":{"rendered":"<p>Mets\u00e4stysseuran kes\u00e4kokouksessa p\u00e4\u00e4tt\u00e4m\u00e4t mets\u00e4styskiinti\u00f6t kaudelle 2024-2025 ovat: j\u00e4nis ei kiinti\u00f6t\u00e4 rusakko ei kiinti\u00f6t\u00e4 uros\u00a0metso 1 uros teeri 1 koppelo ja naaras teeri rauhoitettu<\/p>\n","protected":false},"author":1,"featured_media":0,"parent":0,"menu_order":0,"comment_status":"closed","ping_status":"closed","template":"","meta":{"footnotes":""},"class_list":["post-102","page","type-page","status-publish","hentry"],"_links":{"self":[{"href":"https:\/\/metsastys.salo-aitsaari.fi\/index.php?rest_route=\/wp\/v2\/pages\/102","targetHints":{"allow":["GET"]}}],"collection":[{"href":"https:\/\/metsastys.salo-aitsaari.fi\/index.php?rest_route=\/wp\/v2\/pages"}],"about":[{"href":"https:\/\/metsastys.salo-aitsaari.fi\/index.php?rest_route=\/wp\/v2\/types\/page"}],"author":[{"embeddable":true,"href":"https:\/\/metsastys.salo-aitsaari.fi\/index.php?rest_route=\/wp\/v2\/users\/1"}],"replies":[{"embeddable":true,"href":"https:\/\/metsastys.salo-aitsaari.fi\/index.php?rest_route=%2Fwp%2Fv2%2Fcomments&post=102"}],"version-history":[{"count":6,"href":"https:\/\/metsastys.salo-aitsaari.fi\/index.php?rest_route=\/wp\/v2\/pages\/102\/revisions"}],"predecessor-version":[{"id":276,"href":"https:\/\/metsastys.salo-aitsaari.fi\/index.php?rest_route=\/wp\/v2\/pages\/102\/revisions\/276"}],"wp:attachment":[{"href":"https:\/\/metsastys.salo-aitsaari.fi\/index.php?rest_route=%2Fwp%2Fv2%2Fmedia&parent=102"}],"curies":[{"name":"wp","href":"https:\/\/api.w.org\/{rel}","templated":true}]}}